{"id":4830,"date":"2010-10-25T17:06:09","date_gmt":"2010-10-25T15:06:09","guid":{"rendered":"http:\/\/www.devapp.it\/wordpress"},"modified":"2015-04-09T18:28:45","modified_gmt":"2015-04-09T16:28:45","slug":"collabora","status":"publish","type":"page","link":"https:\/\/www.devapp.it\/wordpress\/collabora\/","title":{"rendered":"Collabora"},"content":{"rendered":"<p>Ti piacerebbe collaborare con noi, ma brancoli nel buio: non sai cosa cerchiamo n\u00e9 cosa offriamo?<br \/>\nEcco qualche domanda e risposta utile perch\u00e9 tu possa capire se facciamo al caso tuo e tu al nostro!<\/p>\n<h4>Posso collaborare con devAPP?<\/h4>\n<p>Assolutamente si! Siamo sempre alla ricerca dei migliori autori e sviluppatori presenti nel nostro paese (e non solo).<\/p>\n<p>Come autore potrai godere di un po&#8217; di benefici, tra cui:<\/p>\n<ul>\n<li>retribuzione per ogni articolo<\/li>\n<li>uno spazio nella nostra pagina &#8220;Chi siamo&#8221;, in cui potrai inserire una tua foto e una breve biografia<\/li>\n<li>opportunit\u00e0 di lavoro come sviluppatore<\/li>\n<\/ul>\n<h4>Che tipo di collaboratori cercate?<\/h4>\n<p>Attualmente stiamo lavorando all&#8217;evoluzione di devAPP. Abbiamo intenzione di aggiornare e riorganizzare tutte le nostre pubblicazioni e di proporne di nuove sempre pi\u00f9 complete e professionali. Stiamo lavorando alla nuova veste grafica del sito e alla realizzazione di nuovi servizi che presto vi presenteremo e offriremo.<\/p>\n<p>Vogliamo rendere devAPP un posto unico nel suo genere, disegnato appositamente per ogni tipo di sviluppatore mobile.<\/p>\n<p>Per far ci\u00f2 abbiamo bisogno di <strong>programmatori iOS, Android e Windows Phone<\/strong> che si occuperanno di redigere i seguenti tipi di articoli:<\/p>\n<ul>\n<li>news per developers (segnalazioni di tools, librerie, eventi, manuali&#8230;)<\/li>\n<li>tutorial di programmazione<\/li>\n<li>tips veloci di programmazione<\/li>\n<li>guide complete<\/li>\n<\/ul>\n<p>Per la stesura di articoli accessori e\/o <strong>consulenza professionale<\/strong> potrebbero interessarci inoltre le seguenti figure:<\/p>\n<ul>\n<li><strong>sviluppatori web<\/strong><\/li>\n<li><strong>grafici e web designer<\/strong><\/li>\n<li><strong>formatori e docenti<\/strong><\/li>\n<li><strong>esperti di marketing<\/strong><\/li>\n<\/ul>\n<p>Infine per allargare la famiglia e internazionalizzare il progetto cerchiamo <strong>traduttori <\/strong>, che siano in grado di convertire al meglio le nostre pubblicazioni in altre lingue (prima fra tutte inglese).<\/p>\n<h4>Di cosa dovr\u00f2 occuparmi una volta unito al vostro team?<\/h4>\n<p>Come parte del Team di devAPP dovrai occuparti della stesura di articoli (come spiegato sopra) e se avrai tempo e voglia potrai darci una mano nello sviluppo del portale, anche solo proponendo nuove idee, rubriche e iniziative.<\/p>\n<h4>La collaborazione sar\u00e0 retribuita?<\/h4>\n<p>Si, ogni altro articolo che verr\u00e0 pubblicato sulle nostre pagine verr\u00e0 retribuito in base alla tipologia dello stesso, alle caratteristiche del tema affrontato e alla sua completezza.<\/p>\n<h4>Posso riutilizzare e ripubblicare altrove il mio articolo?<\/h4>\n<p>No, agli autori di devAPP chiediamo l&#8217;esclusiva sull&#8217;uso del materiale che ci viene concesso. Sar\u00e0 nostra cura proporre poi le pubblicazioni nell&#8217;attuale forma (articoli e guide online) o in altre forme, che potremmo integrare in futuro (stampa, ebook..) e distribuirlo al pubblico secondo le nostre esigenze. E&#8217; permessa tuttavia la pubblicazione di una breve introduzione originale all&#8217;articolo con link di rimando a quello completo sulle nostre pagine. E&#8217; importante che la breve anteprima sia originale ai fini SEO.<\/p>\n<h4>Come posso unirvi a voi?<\/h4>\n<p>Puoi inviarci la tua candidatura scrivendo a <a href=\"mailto:jobs@devapp.it\" target=\"_blank\">jobs@devapp.it<\/a> allegando alla mail:<\/p>\n<ul>\n<li>il tuo curriculum vitae<\/li>\n<li>un elenco dei lavori svolti<\/li>\n<li>eventuale link a pubblicazioni esistenti o un articolo di prova (che potremmo decidere di pubblicare) il cui tema pu\u00f2 essere scelto a piacere o, ancor meglio, concordato con noi.<\/li>\n<li>eventuale disponibilit\u00e0<\/li>\n<\/ul>\n<p>La tua mail verr\u00e0 aggiunta ad una nostra mailing list, che useremo per contattarti e proporti un argomento che vogliamo trattare con eventuale budget allegato.<\/p>\n<p>In base poi alle esperienze e capacit\u00e0 di ognuno di voi e alla disponibilit\u00e0, verr\u00e0 scelto a chi affidare l&#8217;articolo o la guida.<\/p>\n<h4>Non voglio scrivere articoli, ma vorrei lavorare per voi, \u00e8 possibile?<\/h4>\n<p>Assolutamente si! Inviaci il tuo curriculum o quello della tua azienda a <a href=\"mailto:jobs@devapp.it\" target=\"_blank\">jobs@devapp.it<\/a> e valuteremo ogni candidatura.<\/p>\n","protected":false},"excerpt":{"rendered":"<p>Ti piacerebbe collaborare con noi, ma brancoli nel buio: non sai cosa cerchiamo n\u00e9 cosa offriamo? Ecco&#8230;<\/p>\n","protected":false},"author":1,"featured_media":0,"parent":0,"menu_order":0,"comment_status":"closed","ping_status":"open","template":"","meta":{"_acf_changed":false,"footnotes":""},"class_list":["post-4830","page","type-page","status-publish","hentry"],"acf":[],"aioseo_notices":[],"_links":{"self":[{"href":"https:\/\/www.devapp.it\/wordpress\/wp-json\/wp\/v2\/pages\/4830","targetHints":{"allow":["GET"]}}],"collection":[{"href":"https:\/\/www.devapp.it\/wordpress\/wp-json\/wp\/v2\/pages"}],"about":[{"href":"https:\/\/www.devapp.it\/wordpress\/wp-json\/wp\/v2\/types\/page"}],"author":[{"embeddable":true,"href":"https:\/\/www.devapp.it\/wordpress\/wp-json\/wp\/v2\/users\/1"}],"replies":[{"embeddable":true,"href":"https:\/\/www.devapp.it\/wordpress\/wp-json\/wp\/v2\/comments?post=4830"}],"version-history":[{"count":15,"href":"https:\/\/www.devapp.it\/wordpress\/wp-json\/wp\/v2\/pages\/4830\/revisions"}],"predecessor-version":[{"id":11322,"href":"https:\/\/www.devapp.it\/wordpress\/wp-json\/wp\/v2\/pages\/4830\/revisions\/11322"}],"wp:attachment":[{"href":"https:\/\/www.devapp.it\/wordpress\/wp-json\/wp\/v2\/media?parent=4830"}],"curies":[{"name":"wp","href":"https:\/\/api.w.org\/{rel}","templated":true}]}}